 are the prime factors of 4488?
2, 3, 11, 17
List the prime factors of 3231.
3, 359
What are the prime factors of 28130?
2, 5, 29, 97
List the prime factors of 11.
11
What are the prime factors of 85003?
167, 509
What are the prime factors of 59282?
2, 29641
List the prime factors of 58922.
2, 17, 1733
List the prime factors of 544.
2, 17
List the prime factors of 3038.
2, 7, 31
What are the prime factors of 2541?
3, 7, 11
List the prime factors of 666.
2, 3, 37
What are the prime factors of 295?
5, 59
List the prime factors of 19158.
2, 3, 31, 103
What are the prime factors of 3258?
2, 3, 181
What are the prime factors of 454?
2, 227
What are the prime factors of 5971?
7, 853
What are the prime factors of 4625?
5, 37
What are the prime factors of 1708?
2, 7, 61
What are the prime factors of 874?
2, 19, 23
List the prime factors of 213.
3, 71
List the prime factors of 807.
3, 269
What are the prime factors of 5803?
7, 829
List the prime factors of 24350.
2, 5, 487
List the prime factors of 3816.
2, 3, 53
What are the prime factors of 787?
787
What are the prime factors of 21438?
2, 3, 397
List the prime factors of 36.
2, 3
List the prime factors of 120404.
2, 31, 971
List the prime factors of 1208.
2, 151
List the prime factors of 503.
503
What are the prime factors of 409?
409
List the prime factors of 7162.
2, 3581
List the prime factors of 85771.
7, 12253
List the prime factors of 847.
7, 11
What are the prime factors of 974?
2, 487
List the prime factors of 39271.
173, 227
What are the prime factors of 2093?
7, 13, 23
List the prime factors of 20350.
2, 5, 11, 37
List the prime factors of 1394.
2, 17, 41
List the prime factors of 1219.
23, 53
List the prime factors of 1158.
2, 3, 193
List the prime factors of 13490.
2, 5, 19, 71
List the prime factors of 2715.
3, 5, 181
What are the prime factors of 4471?
17, 263
What are the prime factors of 1467?
3, 163
List the prime factors of 1188.
2, 3, 11
List the prime factors of 1538.
2, 769
What are the prime factors of 69840?
2, 3, 5, 97
What are the prime factors of 62573?
7, 1277
What are the prime factors of 1246?
2, 7, 89
What are the prime factors of 737?
11, 67
List the prime factors of 27777.
3, 47, 197
What are the prime factors of 9070?
2, 5, 907
List the prime factors of 2898.
2, 3, 7, 23
What are the prime factors of 1095?
3, 5, 73
List the prime factors of 772.
2, 193
List the prime factors of 9359.
7, 191
List the prime factors of 36213.
3, 12071
What are the prime factors of 7458?
2, 3, 11, 113
What are the prime factors of 104182?
2, 13, 4007
What are the prime factors of 26836?
2, 6709
List the prime factors of 49917.
3, 7, 2377
What are the prime factors of 71534?
2, 47, 761
What are the prime factors of 4780?
2, 5, 239
List the prime factors of 4877.
4877
What are the prime factors of 18742?
2, 9371
List the prime factors of 18989.
17, 1117
List the prime factors of 71637.
3, 23879
List the prime factors of 136.
2, 17
What are the prime factors of 876?
2, 3, 73
List the prime factors of 1787.
1787
What are the prime factors of 13185?
3, 5, 293
What are the prime factors of 28856?
2, 3607
List the prime factors of 756.
2, 3, 7
List the prime factors of 5736.
2, 3, 239
List the prime factors of 859.
859
List the prime factors of 1554.
2, 3, 7, 37
What are the prime factors of 893?
19, 47
List the prime factors of 4030.
2, 5, 13, 31
List the prime factors of 858.
2, 3, 11, 13
List the prime factors of 5635.
5, 7, 23
What are the prime factors of 2819?
2819
List the prime factors of 1103.
1103
What are the prime factors of 820?
2, 5, 41
What are the prime factors of 3642?
2, 3, 607
List the prime factors of 1672.
2, 11, 19
What are the prime factors of 8065?
5, 1613
What are the prime factors of 27178?
2, 107, 127
What are the prime factors of 26236?
2, 7, 937
List the prime factors of 5066.
2, 17, 149
List the prime factors of 44832.
2, 3, 467
List the prime factors of 16880.
2, 5, 211
What are the prime factors of 85?
5, 17
What are the prime factors of 253?
11, 23
What are the prime factors of 6085?
5, 1217
What are the prime factors of 1206?
2, 3, 67
What are the prime factors of 2130?
2, 3, 5, 71
List the prime factors of 2526.
2, 3, 421
List the prime factors of 2896.
2, 181
List the prime factors of 209.
11, 19
What are the prime factors of 1781?
13, 137
List the prime factors of 2477.
2477
List the prime factors of 152706.
2, 3, 31, 821
List the prime factors of 5401.
11, 491
List the prime factors of 22609.
23, 983
What are the prime factors of 1015?
5, 7, 29
What are the prime factors of 15117?
3, 5039
What are the prime factors of 30224?
2, 1889
What are the prime factors of 7100?
2, 5, 71
What are the prime factors of 67?
67
List the prime factors of 36016.
2, 2251
List the prime factors of 1979.
1979
List the prime factors of 24201.
3, 2689
What are the prime factors of 9127?
9127
List the prime factors of 1189.
29, 41
What are the prime factors of 96767?
11, 19, 463
What are the prime factors of 2507?
23, 109
What are the prime factors of 6977?
6977
List the prime factors of 946.
2, 11, 43
What are the prime factors of 228?
2, 3, 19
What are the prime factors of 13987?
71, 197
List the prime factors of 3399.
3, 11, 103
What are the prime factors of 1624?
2, 7, 29
What are the prime factors of 156068?
2, 11, 3547
What are the prime factors of 4691?
4691
What are the prime factors of 1081?
23, 47
List the prime factors of 446.
2, 223
What are the prime factors of 26171?
26171
What are the prime factors of 1190?
2, 5, 7, 17
List the prime factors of 56402.
2, 28201
What are the prime factors of 27195?
3, 5, 7, 37
List the prime factors of 1226.
2, 613
What are the prime factors of 2462?
2, 1231
What are the prime factors of 9523?
89, 107
List the prime factors of 106504.
2, 13313
List the prime factors of 3019.
3019
What are the prime factors of 1425?
3, 5, 19
List the prime factors of 3665.
5, 733
List the prime factors of 9592.
2, 11, 109
List the prime factors of 108891.
3, 37, 109
List the prime factors of 655.
5, 131
What are the prime factors of 199?
199
List the prime factors of 68898.
2, 3, 11483
List the prime factors of 47.
47
List the prime factors of 40877.
41, 997
List the prime factors of 9380.
2, 5, 7, 67
List the prime factors of 85299.
3, 28433
What are the prime factors of 16734?
2, 3, 2789
What are the prime factors of 69896?
2, 8737
What are the prime factors of 2616?
2, 3, 109
List the prime factors of 11180.
2, 5, 13, 43
List the prime factors of 358.
2, 179
What are the prime factors of 3795?
3, 5, 11, 23
List the prime factors of 12044.
2, 3011
What are the prime factors of 2495?
5, 499
List the prime factors of 25604.
2, 37, 173
List the prime factors of 1040.
2, 5, 13
What are the prime factors of 704?
2, 11
What are the prime factors of 30554?
2, 15277
List the prime factors of 1104.
2, 3, 23
What are the prime factors of 7520?
2, 5, 47
What are the prime factors of 914?
2, 457
What are the prime factors of 3767?
3767
What are the prime factors of 75866?
2, 7, 5419
List the prime factors of 992.
2, 31
What are the prime factors of 10950?
2, 3, 5, 73
What are the prime factors of 75169?
75169
List the prime factors of 143324.
2, 35831
List the prime factors of 62457.
3, 109, 191
What are the prime factors of 12544?
2, 7
What are the prime factors of 15122?
2, 7561
List the prime factors of 766.
2, 383
What are the prime factors of 35196?
2, 3, 7, 419
What are the prime factors of 1133?
11, 103
List the prime factors of 3192.
2, 3, 7, 19
What are the prime factors of 253?
11, 23
List the prime factors of 680.
2, 5, 17
List the prime factors of 739.
739
List the prime factors of 11272.
2, 1409
What are the prime factors of 13533?
3, 13, 347
List the prime factors of 10902.
2, 3, 23, 79
What are the prime factors of 1677?
3, 13, 43
What are the prime factors of 17387?
17387
What are the prime factors of 166?
2, 83
List the prime factors of 1073.
29, 37
What are the prime factors of 41?
41
What are the prime factors of 311?
311
List the prime factors of 956.
2, 239
List the prime factors of 81282.
2, 3, 19, 23, 31
List the prime factors of 697.
17, 41
List the prime factors of 7804.
2, 1951
What are the prime factors of 35863?
35863
What are th